{"id":867,"date":"2025-06-28T19:29:32","date_gmt":"2025-06-28T17:29:32","guid":{"rendered":"https:\/\/lozoi.szczecin.pl\/autoinstalator\/wordpressplugins\/?page_id=867"},"modified":"2026-03-12T11:46:07","modified_gmt":"2026-03-12T10:46:07","slug":"elementor-strona-867","status":"publish","type":"page","link":"https:\/\/lozoi.szczecin.pl\/autoinstalator\/wordpressplugins\/index.php\/rodo\/elementor-strona-867\/","title":{"rendered":"Klauzula informacyjna dla uczni\u00f3w i rodzic\u00f3w \u2013 po przyj\u0119ciu"},"content":{"rendered":"\t\t<div data-elementor-type=\"wp-page\" data-elementor-id=\"867\" class=\"elementor elementor-867\">\n\t\t\t\t<div class=\"elementor-element elementor-element-df52561 e-flex e-con-boxed e-con e-parent\" data-id=\"df52561\" data-element_type=\"container\" data-e-type=\"container\">\n\t\t\t\t\t<div class=\"e-con-inner\">\n\t\t\t\t<div class=\"elementor-element elementor-element-5a0997e elementor-widget elementor-widget-text-editor\" data-id=\"5a0997e\" data-element_type=\"widget\" data-e-type=\"widget\" data-widget_type=\"text-editor.default\">\n\t\t\t\t\t\t\t\t\t<section id=\"jm-main\">\n<div class=\"container-fluid\">\n<div class=\"row-fluid\">\n<div id=\"jm-content\" class=\"span12\">\n<p><strong>Klauzula informacyjna dla uczni\u00f3w i rodzic\u00f3w \u2013 po przyj\u0119ciu<\/strong><\/p>\n<main id=\"jm-maincontent\" role=\"main\">\n<div class=\"item-page\">\n<p>1. Administratorem danych osobowych uczni\u00f3w i rodzic\u00f3w\/opiekun\u00f3w prawnych jest Liceum Og\u00f3lnokszta\u0142c\u0105ce z Oddzia\u0142ami Integracyjnymi w Szczecinie. Z Administratorem mo\u017cna skontaktowa\u0107 si\u0119 listownie: Wojska Polskiego 119, e-mailowo:\u00a0<span id=\"cloak52eed0583888dd062b12ec9bebd3115e\"><a href=\"mailto:lozoi@miasto.szczecin.pl\">lozoi@miasto.szczecin.pl<\/a><\/span>\u00a0oraz telefonicznie: 91 42 38 677.<br \/>2. Z Inspektorem Ochrony Danych oraz jego zast\u0119pc\u0105 mo\u017cna si\u0119 skontaktowa\u0107 e-mailowo:\u00a0<span id=\"cloakb1fd2fcb73395e64e643e2a383c9005d\"><a href=\"mailto:iod@malujda.pl\">iod@malujda.pl<\/a><\/span>\u00a0oraz telefonicznie: +48 918522093<br \/>3. Dane osobowe s\u0105 przetwarzane na podstawie:<br \/>a) art. 6 ust. 1 lit. c RODO, tj. gdy przetwarzanie jest niezb\u0119dne do wype\u0142nienia obowi\u0105zku prawnego ci\u0105\u017c\u0105cego na plac\u00f3wce, w tym w zwi\u0105zku z realizacj\u0105 cel\u00f3w dydaktycznych, wychowawczych i opieku\u0144czych plac\u00f3wki w celu wykonania obowi\u0105zk\u00f3w prawnych na\u0142o\u017conych art. 13\/14 ustawy z dnia 14 grudnia 2016 r. Prawo o\u015bwiatowe (Dz.U. z 2017 r., poz., 59) w szczeg\u00f3lno\u015bci takich, jak prowadzenie ewidencji uczni\u00f3w na potrzeby proces\u00f3w nauczania, realizacja procesu nauczania, prowadzenie dziennika lekcyjnego, prowadzenie zada\u0144 z zakresu opieki piel\u0119gniarskiej, \u017cywienie uczni\u00f3w, prowadzenie zaj\u0119\u0107 dodatkowych, realizacja zada\u0144 z zakresu BHP, wypo\u017cyczanie ksi\u0105\u017cek z biblioteki szkolnej, prowadzenie \u015bwietlicy szkolnej;<br \/>b) art. 6 ust. 1 lit. e RODO, tj. przetwarzanie jest niezb\u0119dne w celu zapewnienia bezpiecze\u0144stwa uczni\u00f3w\/wychowank\u00f3w, pracownik\u00f3w i mienia plac\u00f3wki;<br \/>c) Art. 9 ust. 2 lit. h RODO w celu realizacji procesu nauczania, realizacji zada\u0144 z zakresu BHP;<br \/>d) art. 6 ust. 1 lit. a i art. 9 ust. 2 lit. a RODO, tj. na podstawie zgody udzielonej w celach okre\u015blonych ka\u017cdorazowo w przekazywanych formularzach zgody, w tym w celu promowania dzia\u0142alno\u015bci plac\u00f3wki oraz osi\u0105gni\u0119\u0107 i umiej\u0119tno\u015bci ucznia, a tak\u017ce w celu zapewnienia udzia\u0142u w zaj\u0119ciach dodatkowych.<br \/>4. Odbiorcami danych osobowych s\u0105 upowa\u017cnieni pracownicy Administratora, podmioty, kt\u00f3rym nale\u017cy udost\u0119pni\u0107 dane osobowe w celu wykonania obowi\u0105zku prawnego, a tak\u017ce podmioty, kt\u00f3rym dane zostan\u0105 powierzone do zrealizowania cel\u00f3w przetwarzania.<br \/>5. Dane osobowe b\u0119d\u0105 przechowywane co najmniej do ko\u0144ca okresu, w kt\u00f3rym ucze\u0144 b\u0119dzie ucz\u0119szcza\u0142 do plac\u00f3wki lub do czasu wycofania zgody, zg\u0142oszenia sprzeciwu, a w ka\u017cdym razie przez okres wskazany przepisami zwi\u0105zanymi z wype\u0142nianiem obowi\u0105zku prawnego przez plac\u00f3wk\u0119.<br \/>6. Maj\u0105 Pa\u0144stwo prawo \u017c\u0105dania od Administratora dost\u0119pu do swoich danych osobowych, ich sprostowania, usuni\u0119cia lub ograniczenia przetwarzania, prawo do wniesienia sprzeciwu wobec przetwarzania, a tak\u017ce prawo do przenoszenia danych.<br \/>7. W przypadku danych przetwarzanych na podstawie zgody, maj\u0105 Pa\u0144stwo prawo do cofni\u0119cia zgody w dowolnym momencie bez wp\u0142ywu na zgodno\u015b\u0107 z prawem przetwarzania, kt\u00f3rego dokonano na podstawie zgody przed jej cofni\u0119ciem.<br \/>8. Maj\u0105 Pa\u0144stwo prawo wnie\u015b\u0107 skarg\u0119 do organu nadzorczego, kt\u00f3rym jest Prezes Urz\u0119du Ochrony Danych Osobowych, je\u015bli uznaj\u0105 Pa\u0144stwo, i\u017c przetwarzanie przez Administratora Pa\u0144stwa danych osobowych narusza przepisy dot. ochrony danych osobowych.<br \/>9. Podanie danych osobowych w celu wykonania przez Administratora obowi\u0105zku prawnego jest wymogiem ustawowym. W celu ucz\u0119szczania ucznia do plac\u00f3wki s\u0105 Pa\u0144stwo zobowi\u0105zani do podania danych. Niepodanie danych skutkuje niemo\u017cno\u015bci\u0105 realizowania zada\u0144 przez plac\u00f3wk\u0119 wzgl\u0119dem ucznia. Podanie danych udost\u0119pnionych na podstawie zgody jest dobrowolne, a brak zgody spowoduje niemo\u017cno\u015b\u0107 zrealizowania zamierzonego celu, lecz nie wp\u0142ynie na realizacj\u0119 g\u0142\u00f3wnych zada\u0144 przez plac\u00f3wk\u0119 wzgl\u0119dem ucznia.<\/p>\n<\/div>\n<\/main><\/div>\n<\/div>\n<\/div>\n<\/section>\t\t\t\t\t\t\t\t<\/div>\n\t\t\t\t\t<\/div>\n\t\t\t\t<\/div>\n\t\t\t\t<\/div>\n\t\t","protected":false},"excerpt":{"rendered":"<p>Klauzula informacyjna dla uczni\u00f3w i rodzic\u00f3w \u2013 po przyj\u0119ciu 1. Administratorem danych osobowych uczni\u00f3w i rodzic\u00f3w\/opiekun\u00f3w prawnych jest Liceum Og\u00f3lnokszta\u0142c\u0105ce z Oddzia\u0142ami Integracyjnymi w Szczecinie. Z Administratorem mo\u017cna skontaktowa\u0107 si\u0119 listownie: Wojska Polskiego 119, e-mailowo:\u00a0lozoi@miasto.szczecin.pl\u00a0oraz telefonicznie: 91 42 38 677.2. Z Inspektorem Ochrony Danych oraz jego zast\u0119pc\u0105 mo\u017cna si\u0119 skontaktowa\u0107 e-mailowo:\u00a0iod@malujda.pl\u00a0oraz telefonicznie: +48 9185220933. Dane [&hellip;]<\/p>\n","protected":false},"author":2,"featured_media":0,"parent":878,"menu_order":0,"comment_status":"closed","ping_status":"closed","template":"","meta":{"footnotes":""},"categories":[],"tags":[],"class_list":["post-867","page","type-page","status-publish","hentry"],"_links":{"self":[{"href":"https:\/\/lozoi.szczecin.pl\/autoinstalator\/wordpressplugins\/index.php\/wp-json\/wp\/v2\/pages\/867","targetHints":{"allow":["GET"]}}],"collection":[{"href":"https:\/\/lozoi.szczecin.pl\/autoinstalator\/wordpressplugins\/index.php\/wp-json\/wp\/v2\/pages"}],"about":[{"href":"https:\/\/lozoi.szczecin.pl\/autoinstalator\/wordpressplugins\/index.php\/wp-json\/wp\/v2\/types\/page"}],"author":[{"embeddable":true,"href":"https:\/\/lozoi.szczecin.pl\/autoinstalator\/wordpressplugins\/index.php\/wp-json\/wp\/v2\/users\/2"}],"replies":[{"embeddable":true,"href":"https:\/\/lozoi.szczecin.pl\/autoinstalator\/wordpressplugins\/index.php\/wp-json\/wp\/v2\/comments?post=867"}],"version-history":[{"count":8,"href":"https:\/\/lozoi.szczecin.pl\/autoinstalator\/wordpressplugins\/index.php\/wp-json\/wp\/v2\/pages\/867\/revisions"}],"predecessor-version":[{"id":876,"href":"https:\/\/lozoi.szczecin.pl\/autoinstalator\/wordpressplugins\/index.php\/wp-json\/wp\/v2\/pages\/867\/revisions\/876"}],"up":[{"embeddable":true,"href":"https:\/\/lozoi.szczecin.pl\/autoinstalator\/wordpressplugins\/index.php\/wp-json\/wp\/v2\/pages\/878"}],"wp:attachment":[{"href":"https:\/\/lozoi.szczecin.pl\/autoinstalator\/wordpressplugins\/index.php\/wp-json\/wp\/v2\/media?parent=867"}],"wp:term":[{"taxonomy":"category","embeddable":true,"href":"https:\/\/lozoi.szczecin.pl\/autoinstalator\/wordpressplugins\/index.php\/wp-json\/wp\/v2\/categories?post=867"},{"taxonomy":"post_tag","embeddable":true,"href":"https:\/\/lozoi.szczecin.pl\/autoinstalator\/wordpressplugins\/index.php\/wp-json\/wp\/v2\/tags?post=867"}],"curies":[{"name":"wp","href":"https:\/\/api.w.org\/{rel}","templated":true}]}}

Klauzula informacyjna dla uczniów i rodziców – po przyjęciu

<div data-elementor-type="wp-page" data-elementor-id="867" class="elementor elementor-867">
				<div class="elementor-element elementor-element-df52561 e-flex e-con-boxed e-con e-parent" data-id="df52561" data-element_type="container" data-e-type="container">
					<div class="e-con-inner">
				<div class="elementor-element elementor-element-5a0997e elementor-widget elementor-widget-text-editor" data-id="5a0997e" data-element_type="widget" data-e-type="widget" data-widget_type="text-editor.default">
									<section id="jm-main">
<div class="container-fluid">
<div class="row-fluid">
<div id="jm-content" class="span12">
<p><strong>Klauzula informacyjna dla uczniów i rodziców – po przyjęciu</strong></p>
<main id="jm-maincontent" role="main">
<div class="item-page">
<p>1. Administratorem danych osobowych uczniów i rodziców/opiekunów prawnych jest Liceum Ogólnokształcące z Oddziałami Integracyjnymi w Szczecinie. Z Administratorem można skontaktować się listownie: Wojska Polskiego 119, e-mailowo: <span id="cloak52eed0583888dd062b12ec9bebd3115e"><a href="mailto:lozoi@miasto.szczecin.pl">lozoi@miasto.szczecin.pl</a></span> oraz telefonicznie: 91 42 38 677.<br />2. Z Inspektorem Ochrony Danych oraz jego zastępcą można się skontaktować e-mailowo: <span id="cloakb1fd2fcb73395e64e643e2a383c9005d"><a href="mailto:iod@malujda.pl">iod@malujda.pl</a></span> oraz telefonicznie: +48 918522093<br />3. Dane osobowe są przetwarzane na podstawie:<br />a) art. 6 ust. 1 lit. c RODO, tj. gdy przetwarzanie jest niezbędne do wypełnienia obowiązku prawnego ciążącego na placówce, w tym w związku z realizacją celów dydaktycznych, wychowawczych i opiekuńczych placówki w celu wykonania obowiązków prawnych nałożonych art. 13/14 ustawy z dnia 14 grudnia 2016 r. Prawo oświatowe (Dz.U. z 2017 r., poz., 59) w szczególności takich, jak prowadzenie ewidencji uczniów na potrzeby procesów nauczania, realizacja procesu nauczania, prowadzenie dziennika lekcyjnego, prowadzenie zadań z zakresu opieki pielęgniarskiej, żywienie uczniów, prowadzenie zajęć dodatkowych, realizacja zadań z zakresu BHP, wypożyczanie książek z biblioteki szkolnej, prowadzenie świetlicy szkolnej;<br />b) art. 6 ust. 1 lit. e RODO, tj. przetwarzanie jest niezbędne w celu zapewnienia bezpieczeństwa uczniów/wychowanków, pracowników i mienia placówki;<br />c) Art. 9 ust. 2 lit. h RODO w celu realizacji procesu nauczania, realizacji zadań z zakresu BHP;<br />d) art. 6 ust. 1 lit. a i art. 9 ust. 2 lit. a RODO, tj. na podstawie zgody udzielonej w celach określonych każdorazowo w przekazywanych formularzach zgody, w tym w celu promowania działalności placówki oraz osiągnięć i umiejętności ucznia, a także w celu zapewnienia udziału w zajęciach dodatkowych.<br />4. Odbiorcami danych osobowych są upoważnieni pracownicy Administratora, podmioty, którym należy udostępnić dane osobowe w celu wykonania obowiązku prawnego, a także podmioty, którym dane zostaną powierzone do zrealizowania celów przetwarzania.<br />5. Dane osobowe będą przechowywane co najmniej do końca okresu, w którym uczeń będzie uczęszczał do placówki lub do czasu wycofania zgody, zgłoszenia sprzeciwu, a w każdym razie przez okres wskazany przepisami związanymi z wypełnianiem obowiązku prawnego przez placówkę.<br />6. Mają Państwo prawo żądania od Administratora dostępu do swoich danych osobowych, ich sprostowania, usunięcia lub ograniczenia przetwarzania, prawo do wniesienia sprzeciwu wobec przetwarzania, a także prawo do przenoszenia danych.<br />7. W przypadku danych przetwarzanych na podstawie zgody, mają Państwo prawo do cofnięcia zgody w dowolnym momencie bez wpływu na zgodność z prawem przetwarzania, którego dokonano na podstawie zgody przed jej cofnięciem.<br />8. Mają Państwo prawo wnieść skargę do organu nadzorczego, którym jest Prezes Urzędu Ochrony Danych Osobowych, jeśli uznają Państwo, iż przetwarzanie przez Administratora Państwa danych osobowych narusza przepisy dot. ochrony danych osobowych.<br />9. Podanie danych osobowych w celu wykonania przez Administratora obowiązku prawnego jest wymogiem ustawowym. W celu uczęszczania ucznia do placówki są Państwo zobowiązani do podania danych. Niepodanie danych skutkuje niemożnością realizowania zadań przez placówkę względem ucznia. Podanie danych udostępnionych na podstawie zgody jest dobrowolne, a brak zgody spowoduje niemożność zrealizowania zamierzonego celu, lecz nie wpłynie na realizację głównych zadań przez placówkę względem ucznia.</p>
</div>
</main></div>
</div>
</div>
</section>								</div>
					</div>
				</div>
				</div>

<p>Klauzula informacyjna dla uczniów i rodziców – po przyjęciu 1. Administratorem danych osobowych uczniów i rodziców/opiekunów prawnych jest Liceum Ogólnokształcące z Oddziałami Integracyjnymi w Szczecinie. Z Administratorem można skontaktować się listownie: Wojska Polskiego 119, e-mailowo: lozoi@miasto.szczecin.pl oraz telefonicznie: 91 42 38 677.2. Z Inspektorem Ochrony Danych oraz jego zastępcą można się skontaktować e-mailowo: iod@malujda.pl oraz telefonicznie: +48 9185220933. Dane [&hellip;]</p>
