{"id":521,"date":"2024-04-16T10:35:30","date_gmt":"2024-04-16T08:35:30","guid":{"rendered":"https:\/\/lozoi.szczecin.pl\/autoinstalator\/wordpressplugins\/?page_id=521"},"modified":"2026-04-08T14:53:20","modified_gmt":"2026-04-08T12:53:20","slug":"sklad-prezydium-rady-rodzicow-w-roku-szkolnym-2022-2023","status":"publish","type":"page","link":"https:\/\/lozoi.szczecin.pl\/autoinstalator\/wordpressplugins\/index.php\/sklad-prezydium-rady-rodzicow-w-roku-szkolnym-2022-2023\/","title":{"rendered":"Sk\u0142ad Prezydium Rady Rodzic\u00f3w w roku szkolnym 2025\/2026"},"content":{"rendered":"\t\t<div data-elementor-type=\"wp-page\" data-elementor-id=\"521\" class=\"elementor elementor-521\">\n\t\t\t\t<div class=\"elementor-element elementor-element-27f59870 e-flex e-con-boxed e-con e-parent\" data-id=\"27f59870\" data-element_type=\"container\" data-e-type=\"container\">\n\t\t\t\t\t<div class=\"e-con-inner\">\n\t\t\t\t\t<\/div>\n\t\t\t\t<\/div>\n\t\t<div class=\"elementor-element elementor-element-a1f340b e-flex e-con-boxed e-con e-parent\" data-id=\"a1f340b\" data-element_type=\"container\" data-e-type=\"container\">\n\t\t\t\t\t<div class=\"e-con-inner\">\n\t\t\t\t<div class=\"elementor-element elementor-element-913a69c elementor-widget elementor-widget-text-editor\" data-id=\"913a69c\" data-element_type=\"widget\" data-e-type=\"widget\" data-widget_type=\"text-editor.default\">\n\t\t\t\t\t\t\t\t\t<p style=\"text-align: left;\"><strong>Przewodnicz\u0105ca &#8211; Ma\u0142gorzata Cabaj<\/strong><\/p>\n<div class=\"wp-block-group\">\n<div class=\"wp-block-group\"><!-- \/wp:heading --><!-- wp:group {\"layout\":{\"type\":\"constrained\"}} -->\n<div class=\"wp-block-group\"><!-- wp:paragraph -->\n<p style=\"text-align: left;\">Zast\u0119pca &#8211; Kornel Nowak<\/p>\n<!-- \/wp:paragraph --><!-- wp:paragraph -->\n<p style=\"text-align: left;\">Sekretarz &#8211; Ma\u0142gorzata Jankowska-Lipka<\/p>\n<p style=\"text-align: left;\">\u00a0<\/p>\n<!-- \/wp:paragraph --><!-- wp:paragraph -->\n<p style=\"text-align: left;\">Komisja rewizyjna<\/p>\n<p style=\"text-align: left;\">Przewodnicz\u0105ca &#8211; Rita Ksi\u0119\u017cnik<\/p>\n<!-- \/wp:paragraph --><!-- wp:paragraph -->\n<p style=\"text-align: left;\">Zast\u0119pca &#8211; Cezary W\u00f3jtowicz<\/p>\n<\/div>\n<\/div>\n<\/div>\t\t\t\t\t\t\t\t<\/div>\n\t\t\t\t\t<\/div>\n\t\t\t\t<\/div>\n\t\t\t\t<\/div>\n\t\t","protected":false},"excerpt":{"rendered":"<p>Przewodnicz\u0105ca &#8211; Ma\u0142gorzata Cabaj Zast\u0119pca &#8211; Kornel Nowak Sekretarz &#8211; Ma\u0142gorzata Jankowska-Lipka \u00a0 Komisja rewizyjna Przewodnicz\u0105ca &#8211; Rita Ksi\u0119\u017cnik Zast\u0119pca &#8211; Cezary W\u00f3jtowicz<\/p>\n","protected":false},"author":1,"featured_media":0,"parent":0,"menu_order":0,"comment_status":"closed","ping_status":"closed","template":"","meta":{"footnotes":""},"categories":[],"tags":[],"class_list":["post-521","page","type-page","status-publish","hentry"],"_links":{"self":[{"href":"https:\/\/lozoi.szczecin.pl\/autoinstalator\/wordpressplugins\/index.php\/wp-json\/wp\/v2\/pages\/521","targetHints":{"allow":["GET"]}}],"collection":[{"href":"https:\/\/lozoi.szczecin.pl\/autoinstalator\/wordpressplugins\/index.php\/wp-json\/wp\/v2\/pages"}],"about":[{"href":"https:\/\/lozoi.szczecin.pl\/autoinstalator\/wordpressplugins\/index.php\/wp-json\/wp\/v2\/types\/page"}],"author":[{"embeddable":true,"href":"https:\/\/lozoi.szczecin.pl\/autoinstalator\/wordpressplugins\/index.php\/wp-json\/wp\/v2\/users\/1"}],"replies":[{"embeddable":true,"href":"https:\/\/lozoi.szczecin.pl\/autoinstalator\/wordpressplugins\/index.php\/wp-json\/wp\/v2\/comments?post=521"}],"version-history":[{"count":20,"href":"https:\/\/lozoi.szczecin.pl\/autoinstalator\/wordpressplugins\/index.php\/wp-json\/wp\/v2\/pages\/521\/revisions"}],"predecessor-version":[{"id":2123,"href":"https:\/\/lozoi.szczecin.pl\/autoinstalator\/wordpressplugins\/index.php\/wp-json\/wp\/v2\/pages\/521\/revisions\/2123"}],"wp:attachment":[{"href":"https:\/\/lozoi.szczecin.pl\/autoinstalator\/wordpressplugins\/index.php\/wp-json\/wp\/v2\/media?parent=521"}],"wp:term":[{"taxonomy":"category","embeddable":true,"href":"https:\/\/lozoi.szczecin.pl\/autoinstalator\/wordpressplugins\/index.php\/wp-json\/wp\/v2\/categories?post=521"},{"taxonomy":"post_tag","embeddable":true,"href":"https:\/\/lozoi.szczecin.pl\/autoinstalator\/wordpressplugins\/index.php\/wp-json\/wp\/v2\/tags?post=521"}],"curies":[{"name":"wp","href":"https:\/\/api.w.org\/{rel}","templated":true}]}}

Skład Prezydium Rady Rodziców w roku szkolnym 2025/2026

<div data-elementor-type="wp-page" data-elementor-id="521" class="elementor elementor-521">
				<div class="elementor-element elementor-element-27f59870 e-flex e-con-boxed e-con e-parent" data-id="27f59870" data-element_type="container" data-e-type="container">
					<div class="e-con-inner">
					</div>
				</div>
		<div class="elementor-element elementor-element-a1f340b e-flex e-con-boxed e-con e-parent" data-id="a1f340b" data-element_type="container" data-e-type="container">
					<div class="e-con-inner">
				<div class="elementor-element elementor-element-913a69c elementor-widget elementor-widget-text-editor" data-id="913a69c" data-element_type="widget" data-e-type="widget" data-widget_type="text-editor.default">
									<p style="text-align: left;"><strong>Przewodnicząca &#8211; Małgorzata Cabaj</strong></p>
<div class="wp-block-group">
<div class="wp-block-group"><!-- /wp:heading --><!-- wp:group {"layout":{"type":"constrained"}} -->
<div class="wp-block-group"><!-- wp:paragraph -->
<p style="text-align: left;">Zastępca &#8211; Kornel Nowak</p>
<!-- /wp:paragraph --><!-- wp:paragraph -->
<p style="text-align: left;">Sekretarz &#8211; Małgorzata Jankowska-Lipka</p>
<p style="text-align: left;"> </p>
<!-- /wp:paragraph --><!-- wp:paragraph -->
<p style="text-align: left;">Komisja rewizyjna</p>
<p style="text-align: left;">Przewodnicząca &#8211; Rita Księżnik</p>
<!-- /wp:paragraph --><!-- wp:paragraph -->
<p style="text-align: left;">Zastępca &#8211; Cezary Wójtowicz</p>
</div>
</div>
</div>								</div>
					</div>
				</div>
				</div>

<p>Przewodnicząca &#8211; Małgorzata Cabaj Zastępca &#8211; Kornel Nowak Sekretarz &#8211; Małgorzata Jankowska-Lipka   Komisja rewizyjna Przewodnicząca &#8211; Rita Księżnik Zastępca &#8211; Cezary Wójtowicz</p>
