{"id":276,"date":"2024-03-26T07:57:59","date_gmt":"2024-03-26T06:57:59","guid":{"rendered":"https:\/\/lozoi.home.pl\/autoinstalator\/wordpressplugins\/?page_id=276"},"modified":"2025-10-01T08:37:48","modified_gmt":"2025-10-01T06:37:48","slug":"276-2","status":"publish","type":"page","link":"https:\/\/lozoi.szczecin.pl\/autoinstalator\/wordpressplugins\/index.php\/276-2\/","title":{"rendered":"Kadra pedagogiczna w roku szkolnym 2025\/2026"},"content":{"rendered":"\t\t<div data-elementor-type=\"wp-page\" data-elementor-id=\"276\" class=\"elementor elementor-276\">\n\t\t\t\t<div class=\"elementor-element elementor-element-baf94fa e-flex e-con-boxed e-con e-parent\" data-id=\"baf94fa\" data-element_type=\"container\" data-e-type=\"container\">\n\t\t\t\t\t<div class=\"e-con-inner\">\n\t\t<div class=\"elementor-element elementor-element-332cbc2 e-con-full e-flex e-con e-child\" data-id=\"332cbc2\" data-element_type=\"container\" data-e-type=\"container\">\n\t\t\t\t<div class=\"elementor-element elementor-element-63964d2 elementor-widget elementor-widget-text-editor\" data-id=\"63964d2\" data-element_type=\"widget\" data-e-type=\"widget\" data-widget_type=\"text-editor.default\">\n\t\t\t\t\t\t\t\t\t<p style=\"text-align: center;\"><span style=\"color: #000000;\"><strong>Kadra zarz\u0105dzaj\u0105ca<\/strong><\/span><\/p><ul><li>Artur W\u0142och &#8211; dyrektor<\/li><li>Katarzyna Ko\u015bciucha &#8211; wicedyrektor<\/li><\/ul>\t\t\t\t\t\t\t\t<\/div>\n\t\t\t\t<div class=\"elementor-element elementor-element-5f2e7fe elementor-widget elementor-widget-text-editor\" data-id=\"5f2e7fe\" data-element_type=\"widget\" data-e-type=\"widget\" data-widget_type=\"text-editor.default\">\n\t\t\t\t\t\t\t\t\t<p style=\"text-align: center;\"><strong>J\u0119zyk polski<\/strong><\/p><ul><li>Teresa Bindas<\/li><li>Joanna Jarota<\/li><li>Joanna Stafiej<\/li><li>Iwona Walczak<\/li><li>Agnieszka Wa\u0142kowska<\/li><li>Teresa Witkiewicz<\/li><\/ul>\t\t\t\t\t\t\t\t<\/div>\n\t\t\t\t<div class=\"elementor-element elementor-element-d45760d elementor-widget elementor-widget-text-editor\" data-id=\"d45760d\" data-element_type=\"widget\" data-e-type=\"widget\" data-widget_type=\"text-editor.default\">\n\t\t\t\t\t\t\t\t\t<p style=\"text-align: center;\"><strong>J\u0119zyk angielski<\/strong><\/p><ul><li>Agata Adamowicz<\/li><li>Anna Drzewiecka<\/li><li>Mirella Ka\u0142ymon<\/li><li>Gra\u017cyna Niegrebecka<\/li><li>Aleksandra Pekr\u00f3l<\/li><li>Damian Sikuci\u0144ski<\/li><li>Katarzyna Turowska<\/li><\/ul>\t\t\t\t\t\t\t\t<\/div>\n\t\t\t\t<div class=\"elementor-element elementor-element-538e663 elementor-widget elementor-widget-text-editor\" data-id=\"538e663\" data-element_type=\"widget\" data-e-type=\"widget\" data-widget_type=\"text-editor.default\">\n\t\t\t\t\t\t\t\t\t<p style=\"text-align: center;\"><strong>J\u0119zyk w\u0142oski<\/strong><\/p><ul><li>Dagmara Buklarewicz<\/li><li>Beata Opoka<\/li><\/ul>\t\t\t\t\t\t\t\t<\/div>\n\t\t\t\t<div class=\"elementor-element elementor-element-6cc7c08 elementor-widget elementor-widget-text-editor\" data-id=\"6cc7c08\" data-element_type=\"widget\" data-e-type=\"widget\" data-widget_type=\"text-editor.default\">\n\t\t\t\t\t\t\t\t\t<p style=\"text-align: center;\"><strong>J\u0119zyk niemiecki<\/strong><\/p><ul><li>Zofia Bielecka<\/li><li>Monika Ma\u0142owiecka<\/li><li>Izabela Tryc<\/li><\/ul>\t\t\t\t\t\t\t\t<\/div>\n\t\t\t\t<div class=\"elementor-element elementor-element-938b50f elementor-widget elementor-widget-text-editor\" data-id=\"938b50f\" data-element_type=\"widget\" data-e-type=\"widget\" data-widget_type=\"text-editor.default\">\n\t\t\t\t\t\t\t\t\t<p style=\"text-align: center;\"><strong>Biologia<\/strong><\/p><ul><li>Ewa Mazur<\/li><li>Alicja Wi\u015bniewska<\/li><\/ul>\t\t\t\t\t\t\t\t<\/div>\n\t\t\t\t<div class=\"elementor-element elementor-element-21851f8 elementor-widget elementor-widget-text-editor\" data-id=\"21851f8\" data-element_type=\"widget\" data-e-type=\"widget\" data-widget_type=\"text-editor.default\">\n\t\t\t\t\t\t\t\t\t<p style=\"text-align: center;\"><strong>Geografia<\/strong><\/p><ul><li>Grzegorz Pyrgiel<\/li><\/ul>\t\t\t\t\t\t\t\t<\/div>\n\t\t\t\t<\/div>\n\t\t<div class=\"elementor-element elementor-element-4928a98 e-con-full e-flex e-con e-child\" data-id=\"4928a98\" data-element_type=\"container\" data-e-type=\"container\">\n\t\t\t\t<div class=\"elementor-element elementor-element-d6180f6 elementor-widget elementor-widget-text-editor\" data-id=\"d6180f6\" data-element_type=\"widget\" data-e-type=\"widget\" data-widget_type=\"text-editor.default\">\n\t\t\t\t\t\t\t\t\t<p style=\"text-align: center;\"><strong>Matematyka<\/strong><\/p><ul><li>Rados\u0142aw Ficner<\/li><li>Urszula Kolesi\u0144ska<\/li><li>Barbara Nowak<\/li><li>Monika Sawka-Pacocha<\/li><li>Agnieszka Szewczuk<\/li><\/ul>\t\t\t\t\t\t\t\t<\/div>\n\t\t\t\t<div class=\"elementor-element elementor-element-244a78d elementor-widget elementor-widget-text-editor\" data-id=\"244a78d\" data-element_type=\"widget\" data-e-type=\"widget\" data-widget_type=\"text-editor.default\">\n\t\t\t\t\t\t\t\t\t<p style=\"text-align: center;\"><strong>Chemia\u00a0<\/strong><br \/><strong>Chemia eksperymentalna<\/strong><\/p><ul><li>Agnieszka Dro\u017adzik-Korzeniowska<\/li><li>Katarzyna Emche<\/li><\/ul>\t\t\t\t\t\t\t\t<\/div>\n\t\t\t\t<div class=\"elementor-element elementor-element-48c0fe4 elementor-widget elementor-widget-text-editor\" data-id=\"48c0fe4\" data-element_type=\"widget\" data-e-type=\"widget\" data-widget_type=\"text-editor.default\">\n\t\t\t\t\t\t\t\t\t<p style=\"text-align: center;\"><strong>Fizyka<\/strong><br \/><strong>Fizyka do\u015bwiadczalna<\/strong><\/p><ul><li>Agnieszka Cesarska<\/li><\/ul>\t\t\t\t\t\t\t\t<\/div>\n\t\t\t\t<div class=\"elementor-element elementor-element-fe8672a elementor-widget elementor-widget-text-editor\" data-id=\"fe8672a\" data-element_type=\"widget\" data-e-type=\"widget\" data-widget_type=\"text-editor.default\">\n\t\t\t\t\t\t\t\t\t<p style=\"text-align: center;\"><strong>Informatyka<\/strong><\/p><ul><li>Roman Grzyb<\/li><li>Ma\u0142gorzata Nizi\u0144ska-Ba\u0142abuszka<\/li><\/ul>\t\t\t\t\t\t\t\t<\/div>\n\t\t\t\t<div class=\"elementor-element elementor-element-0ef6e42 elementor-widget elementor-widget-text-editor\" data-id=\"0ef6e42\" data-element_type=\"widget\" data-e-type=\"widget\" data-widget_type=\"text-editor.default\">\n\t\t\t\t\t\t\t\t\t<p style=\"text-align: center;\"><strong>\u00a0<\/strong><strong>Biznes i zarz\u0105dzanie<\/strong><\/p><ul><li style=\"text-align: left;\">Katarzyna Bednarek<\/li><\/ul>\t\t\t\t\t\t\t\t<\/div>\n\t\t\t\t<div class=\"elementor-element elementor-element-65afe7a elementor-widget elementor-widget-text-editor\" data-id=\"65afe7a\" data-element_type=\"widget\" data-e-type=\"widget\" data-widget_type=\"text-editor.default\">\n\t\t\t\t\t\t\t\t\t<p style=\"text-align: center;\"><strong>Plastyka<\/strong><\/p><ul><li style=\"text-align: left;\">El\u017cbieta Borkowska<\/li><\/ul>\t\t\t\t\t\t\t\t<\/div>\n\t\t\t\t<div class=\"elementor-element elementor-element-77bd1a7 elementor-widget elementor-widget-text-editor\" data-id=\"77bd1a7\" data-element_type=\"widget\" data-e-type=\"widget\" data-widget_type=\"text-editor.default\">\n\t\t\t\t\t\t\t\t\t<p style=\"text-align: center;\"><strong>Wychowanie fizyczne<\/strong><\/p><ul><li>Marzena Kluczy\u0144ska<\/li><li>Rados\u0142aw Kluczy\u0144ski<\/li><li>Julita Wilk<\/li><\/ul>\t\t\t\t\t\t\t\t<\/div>\n\t\t\t\t<div class=\"elementor-element elementor-element-9a66920 elementor-widget elementor-widget-text-editor\" data-id=\"9a66920\" data-element_type=\"widget\" data-e-type=\"widget\" data-widget_type=\"text-editor.default\">\n\t\t\t\t\t\t\t\t\t<p style=\"text-align: center;\"><strong>Edukacja zdrowotna<\/strong><\/p><ul><li>Julita Wilk<\/li><\/ul>\t\t\t\t\t\t\t\t<\/div>\n\t\t\t\t<\/div>\n\t\t<div class=\"elementor-element elementor-element-79e4dc0 e-con-full e-flex e-con e-child\" data-id=\"79e4dc0\" data-element_type=\"container\" data-e-type=\"container\">\n\t\t\t\t<div class=\"elementor-element elementor-element-51b0fb9 elementor-widget elementor-widget-text-editor\" data-id=\"51b0fb9\" data-element_type=\"widget\" data-e-type=\"widget\" data-widget_type=\"text-editor.default\">\n\t\t\t\t\t\t\t\t\t<p style=\"text-align: center;\"><strong>Historia<\/strong><\/p><p style=\"text-align: center;\"><strong>Wiedza o spo\u0142ecze\u0144stwie<\/strong><\/p><p style=\"text-align: center;\"><strong>Edukacja obywatelska<\/strong><\/p><ul><li>Katarzyna Bednarek<\/li><li style=\"text-align: left;\">Monika Czapska<\/li><li style=\"text-align: left;\">Agnieszka Do\u0142\u0119ga<\/li><li style=\"text-align: left;\">Ma\u0142gorzata Mazurkiewicz<\/li><\/ul>\t\t\t\t\t\t\t\t<\/div>\n\t\t\t\t<div class=\"elementor-element elementor-element-511d706 elementor-widget elementor-widget-text-editor\" data-id=\"511d706\" data-element_type=\"widget\" data-e-type=\"widget\" data-widget_type=\"text-editor.default\">\n\t\t\t\t\t\t\t\t\t<div style=\"text-align: center;\"><strong>Komunikacja spo\u0142eczna<\/strong><\/div><div style=\"text-align: center;\"><strong>\u00a0<\/strong><\/div><ul><li>Ma\u0142gorzata Kledzik<\/li><li>Marek Urba\u0144ski<\/li><\/ul>\t\t\t\t\t\t\t\t<\/div>\n\t\t\t\t<div class=\"elementor-element elementor-element-90efb3c elementor-widget elementor-widget-text-editor\" data-id=\"90efb3c\" data-element_type=\"widget\" data-e-type=\"widget\" data-widget_type=\"text-editor.default\">\n\t\t\t\t\t\t\t\t\t<p style=\"text-align: center;\"><strong>Edukacja dla bezpiecze\u0144stwa<\/strong><\/p><ul><li>Jacek Wr\u00f3blewski<\/li><\/ul>\t\t\t\t\t\t\t\t<\/div>\n\t\t\t\t<div class=\"elementor-element elementor-element-fd5c076 elementor-widget elementor-widget-text-editor\" data-id=\"fd5c076\" data-element_type=\"widget\" data-e-type=\"widget\" data-widget_type=\"text-editor.default\">\n\t\t\t\t\t\t\t\t\t<p style=\"text-align: center;\"><strong>Doradztwo zawodowe<\/strong><\/p><ul><li>Mirella Ka\u0142ymon<\/li><\/ul>\t\t\t\t\t\t\t\t<\/div>\n\t\t\t\t<div class=\"elementor-element elementor-element-4f3b1dd elementor-widget elementor-widget-text-editor\" data-id=\"4f3b1dd\" data-element_type=\"widget\" data-e-type=\"widget\" data-widget_type=\"text-editor.default\">\n\t\t\t\t\t\t\t\t\t<p style=\"text-align: center;\"><strong>Pedagogika<\/strong><\/p><ul><li style=\"text-align: left;\">Marlena Wasilewska<\/li><\/ul>\t\t\t\t\t\t\t\t<\/div>\n\t\t\t\t<div class=\"elementor-element elementor-element-607d11b elementor-widget elementor-widget-text-editor\" data-id=\"607d11b\" data-element_type=\"widget\" data-e-type=\"widget\" data-widget_type=\"text-editor.default\">\n\t\t\t\t\t\t\t\t\t<p style=\"text-align: center;\"><strong>Turystyka<\/strong><\/p><ul><li>Grzegorz Pyrgiel<\/li><\/ul>\t\t\t\t\t\t\t\t<\/div>\n\t\t\t\t<div class=\"elementor-element elementor-element-78222ea elementor-widget elementor-widget-text-editor\" data-id=\"78222ea\" data-element_type=\"widget\" data-e-type=\"widget\" data-widget_type=\"text-editor.default\">\n\t\t\t\t\t\t\t\t\t<p style=\"text-align: center;\"><strong>Etyka<\/strong><\/p><ul><li>Anna Kotowska<\/li><\/ul>\t\t\t\t\t\t\t\t<\/div>\n\t\t\t\t<div class=\"elementor-element elementor-element-39e3a2a elementor-widget elementor-widget-text-editor\" data-id=\"39e3a2a\" data-element_type=\"widget\" data-e-type=\"widget\" data-widget_type=\"text-editor.default\">\n\t\t\t\t\t\t\t\t\t<p style=\"text-align: center;\"><strong>Religia<\/strong><\/p>\n<ul>\n<li>Zbigniew Ejchost<\/li>\n<\/ul>\t\t\t\t\t\t\t\t<\/div>\n\t\t\t\t<div class=\"elementor-element elementor-element-30a8af1 elementor-widget elementor-widget-text-editor\" data-id=\"30a8af1\" data-element_type=\"widget\" data-e-type=\"widget\" data-widget_type=\"text-editor.default\">\n\t\t\t\t\t\t\t\t\t<p style=\"text-align: center;\"><strong>\u00a0 \u00a0 \u00a0 \u00a0 \u00a0 \u00a0 \u00a0 \u00a0 \u00a0 Biblioteka\u00a0 \u00a0 \u00a0 \u00a0 \u00a0 \u00a0 \u00a0 \u00a0 \u00a0 \u00a0 \u00a0\u00a0<\/strong><strong style=\"font-size: 1rem;\">(wypo\u017cyczalnia i czytelnia)<\/strong><\/p><ul><li>Anna W\u0142och<\/li><\/ul>\t\t\t\t\t\t\t\t<\/div>\n\t\t\t\t<\/div>\n\t\t<div class=\"elementor-element elementor-element-edce23b e-con-full e-flex e-con e-child\" data-id=\"edce23b\" data-element_type=\"container\" data-e-type=\"container\">\n\t\t\t\t<div class=\"elementor-element elementor-element-ce004e0 elementor-widget elementor-widget-text-editor\" data-id=\"ce004e0\" data-element_type=\"widget\" data-e-type=\"widget\" data-widget_type=\"text-editor.default\">\n\t\t\t\t\t\t\t\t\t<p style=\"text-align: center;\"><strong>Pomoc psychologiczno-pedagogiczna<\/strong><\/p><ul><li>Krzysztof Berent \u2013 psycholog<\/li><li>Ma\u0142gorzata Kledzik &#8211; psycholog<\/li><li>Katarzyna Ko\u015bciucha &#8211; psycholog<\/li><li>Joanna Rejmann-Stawarczyk &#8211; logopeda<\/li><li>Marek Urba\u0144ski \u2013 pedagog<\/li><li>Aleksandra Zielenkiewicz \u2013 pedagog specjalny<\/li><\/ul>\t\t\t\t\t\t\t\t<\/div>\n\t\t\t\t<div class=\"elementor-element elementor-element-d906cfb elementor-widget elementor-widget-text-editor\" data-id=\"d906cfb\" data-element_type=\"widget\" data-e-type=\"widget\" data-widget_type=\"text-editor.default\">\n\t\t\t\t\t\t\t\t\t<p style=\"text-align: center;\"><strong>Zaj\u0119cia rewalidacyjne wspomagaj\u0105ce proces nauczania<\/strong><\/p><ul><li>Bo\u017cena Bogdanowicz-Wojta\u015b<\/li><li>Karolina Dejer<\/li><li>Zbigniew Ejchost<\/li><li>Marta G\u0142uszko<\/li><li>Monika Jurczyk<\/li><li>Przemys\u0142aw Kwiatosi\u0144ski<\/li><li>Edyta Paw\u0142owska-G\u0142oszkowska<\/li><li>Agnieszka Pie\u0144kowska<\/li><li>Joanna Rejmann-Stawarczyk<\/li><li>Ma\u0142gorzata Siko\u0144<\/li><li>Mariola Stachura<\/li><li>Artur W\u0142och<\/li><li>Aleksandra Zielenkiewicz<\/li><li>Iwona \u017bmurko<\/li><\/ul>\t\t\t\t\t\t\t\t<\/div>\n\t\t\t\t<div class=\"elementor-element elementor-element-d057f57 elementor-widget elementor-widget-text-editor\" data-id=\"d057f57\" data-element_type=\"widget\" data-e-type=\"widget\" data-widget_type=\"text-editor.default\">\n\t\t\t\t\t\t\t\t\t<p style=\"text-align: center;\"><strong>Zaj\u0119cia korekcyjno-kompensacyjne<\/strong><\/p><ul><li>Ma\u0142gorzata Nizi\u0144ska-Ba\u0142abuszka<\/li><\/ul>\t\t\t\t\t\t\t\t<\/div>\n\t\t\t\t<\/div>\n\t\t\t\t\t<\/div>\n\t\t\t\t<\/div>\n\t\t\t\t<\/div>\n\t\t","protected":false},"excerpt":{"rendered":"<p>Kadra zarz\u0105dzaj\u0105ca Artur W\u0142och &#8211; dyrektor Katarzyna Ko\u015bciucha &#8211; wicedyrektor J\u0119zyk polski Teresa Bindas Joanna Jarota Joanna Stafiej Iwona Walczak Agnieszka Wa\u0142kowska Teresa Witkiewicz J\u0119zyk angielski Agata Adamowicz Anna Drzewiecka Mirella Ka\u0142ymon Gra\u017cyna Niegrebecka Aleksandra Pekr\u00f3l Damian Sikuci\u0144ski Katarzyna Turowska J\u0119zyk w\u0142oski Dagmara Buklarewicz Beata Opoka J\u0119zyk niemiecki Zofia Bielecka Monika Ma\u0142owiecka Izabela Tryc Biologia [&hellip;]<\/p>\n","protected":false},"author":1,"featured_media":0,"parent":0,"menu_order":0,"comment_status":"closed","ping_status":"closed","template":"","meta":{"footnotes":""},"categories":[],"tags":[],"class_list":["post-276","page","type-page","status-publish","hentry"],"_links":{"self":[{"href":"https:\/\/lozoi.szczecin.pl\/autoinstalator\/wordpressplugins\/index.php\/wp-json\/wp\/v2\/pages\/276","targetHints":{"allow":["GET"]}}],"collection":[{"href":"https:\/\/lozoi.szczecin.pl\/autoinstalator\/wordpressplugins\/index.php\/wp-json\/wp\/v2\/pages"}],"about":[{"href":"https:\/\/lozoi.szczecin.pl\/autoinstalator\/wordpressplugins\/index.php\/wp-json\/wp\/v2\/types\/page"}],"author":[{"embeddable":true,"href":"https:\/\/lozoi.szczecin.pl\/autoinstalator\/wordpressplugins\/index.php\/wp-json\/wp\/v2\/users\/1"}],"replies":[{"embeddable":true,"href":"https:\/\/lozoi.szczecin.pl\/autoinstalator\/wordpressplugins\/index.php\/wp-json\/wp\/v2\/comments?post=276"}],"version-history":[{"count":151,"href":"https:\/\/lozoi.szczecin.pl\/autoinstalator\/wordpressplugins\/index.php\/wp-json\/wp\/v2\/pages\/276\/revisions"}],"predecessor-version":[{"id":1572,"href":"https:\/\/lozoi.szczecin.pl\/autoinstalator\/wordpressplugins\/index.php\/wp-json\/wp\/v2\/pages\/276\/revisions\/1572"}],"wp:attachment":[{"href":"https:\/\/lozoi.szczecin.pl\/autoinstalator\/wordpressplugins\/index.php\/wp-json\/wp\/v2\/media?parent=276"}],"wp:term":[{"taxonomy":"category","embeddable":true,"href":"https:\/\/lozoi.szczecin.pl\/autoinstalator\/wordpressplugins\/index.php\/wp-json\/wp\/v2\/categories?post=276"},{"taxonomy":"post_tag","embeddable":true,"href":"https:\/\/lozoi.szczecin.pl\/autoinstalator\/wordpressplugins\/index.php\/wp-json\/wp\/v2\/tags?post=276"}],"curies":[{"name":"wp","href":"https:\/\/api.w.org\/{rel}","templated":true}]}}