{"id":1893,"date":"2026-02-25T15:14:37","date_gmt":"2026-02-25T14:14:37","guid":{"rendered":"https:\/\/lozoi.szczecin.pl\/autoinstalator\/wordpressplugins\/?page_id=1893"},"modified":"2026-02-25T15:15:18","modified_gmt":"2026-02-25T14:15:18","slug":"dni-otwarte","status":"publish","type":"page","link":"https:\/\/lozoi.szczecin.pl\/autoinstalator\/wordpressplugins\/index.php\/dni-otwarte\/","title":{"rendered":"DNI OTWARTE"},"content":{"rendered":"\t\t<div data-elementor-type=\"wp-page\" data-elementor-id=\"1893\" class=\"elementor elementor-1893\">\n\t\t\t\t<div class=\"elementor-element elementor-element-10574e0 e-flex e-con-boxed e-con e-parent\" data-id=\"10574e0\" data-element_type=\"container\" data-e-type=\"container\">\n\t\t\t\t\t<div class=\"e-con-inner\">\n\t\t\t\t<div class=\"elementor-element elementor-element-78dac69 elementor-widget elementor-widget-text-editor\" data-id=\"78dac69\" data-element_type=\"widget\" data-e-type=\"widget\" data-widget_type=\"text-editor.default\">\n\t\t\t\t\t\t\t\t\t<p>Zapraszamy na Dni Otwarte, kt\u00f3re odb\u0119d\u0105 si\u0119 <span style=\"color: #0000ff;\"><strong>20 marca 2026 r.<\/strong><\/span> (pi\u0105tek) o godz. 11.00 &#8211; 14.00 oraz <strong><span style=\"color: #0000ff;\">15 kwietnia 2026 r.<\/span> <\/strong>(\u015broda) o godz. 12.00 &#8211; 18.00.<\/p><p><img fetchpriority=\"high\" decoding=\"async\" class=\"wp-image-1875 size-large aligncenter\" src=\"https:\/\/lozoi.szczecin.pl\/autoinstalator\/wordpressplugins\/wp-content\/uploads\/2026\/02\/2026_dzien_otwarty_pion-724x1024.png\" alt=\"Plakat informacyjny Liceum Og\u00f3lnokszta\u0142c\u0105cego z Oddzia\u0142ami Integracyjnymi w Szczecinie zapraszaj\u0105cy na Dni Otwarte. W centralnej cz\u0119\u015bci znajduje si\u0119 napis \u2018Zapraszamy na Dni Otwarte\u2019. Pod nim podano terminy: 20 marca (pi\u0105tek) godz. 11.00\u201314.00 oraz 15 kwietnia (\u015broda) godz. 12.00\u201318.00. W tle widoczny jest budynek szko\u0142y. W dolnej cz\u0119\u015bci umieszczono zdj\u0119cia przedstawiaj\u0105ce zaj\u0119cia szkolne i wyposa\u017cenie pracowni. Na dole widnieje lista klas oferowanych w roku szkolnym 2026\/2027 oraz dane adresowe szko\u0142y.\" width=\"724\" height=\"1024\" srcset=\"https:\/\/lozoi.szczecin.pl\/autoinstalator\/wordpressplugins\/wp-content\/uploads\/2026\/02\/2026_dzien_otwarty_pion-724x1024.png 724w, https:\/\/lozoi.szczecin.pl\/autoinstalator\/wordpressplugins\/wp-content\/uploads\/2026\/02\/2026_dzien_otwarty_pion-212x300.png 212w, https:\/\/lozoi.szczecin.pl\/autoinstalator\/wordpressplugins\/wp-content\/uploads\/2026\/02\/2026_dzien_otwarty_pion-768x1086.png 768w, https:\/\/lozoi.szczecin.pl\/autoinstalator\/wordpressplugins\/wp-content\/uploads\/2026\/02\/2026_dzien_otwarty_pion-1086x1536.png 1086w, https:\/\/lozoi.szczecin.pl\/autoinstalator\/wordpressplugins\/wp-content\/uploads\/2026\/02\/2026_dzien_otwarty_pion-1448x2048.png 1448w, https:\/\/lozoi.szczecin.pl\/autoinstalator\/wordpressplugins\/wp-content\/uploads\/2026\/02\/2026_dzien_otwarty_pion.png 1587w\" sizes=\"(max-width: 724px) 100vw, 724px\" \/><\/p>\t\t\t\t\t\t\t\t<\/div>\n\t\t\t\t\t<\/div>\n\t\t\t\t<\/div>\n\t\t\t\t<\/div>\n\t\t","protected":false},"excerpt":{"rendered":"<p>Zapraszamy na Dni Otwarte, kt\u00f3re odb\u0119d\u0105 si\u0119 20 marca 2026 r. (pi\u0105tek) o godz. 11.00 &#8211; 14.00 oraz 15 kwietnia 2026 r. (\u015broda) o godz. 12.00 &#8211; 18.00.<\/p>\n","protected":false},"author":2,"featured_media":0,"parent":0,"menu_order":0,"comment_status":"closed","ping_status":"closed","template":"","meta":{"footnotes":""},"categories":[],"tags":[],"class_list":["post-1893","page","type-page","status-publish","hentry"],"_links":{"self":[{"href":"https:\/\/lozoi.szczecin.pl\/autoinstalator\/wordpressplugins\/index.php\/wp-json\/wp\/v2\/pages\/1893","targetHints":{"allow":["GET"]}}],"collection":[{"href":"https:\/\/lozoi.szczecin.pl\/autoinstalator\/wordpressplugins\/index.php\/wp-json\/wp\/v2\/pages"}],"about":[{"href":"https:\/\/lozoi.szczecin.pl\/autoinstalator\/wordpressplugins\/index.php\/wp-json\/wp\/v2\/types\/page"}],"author":[{"embeddable":true,"href":"https:\/\/lozoi.szczecin.pl\/autoinstalator\/wordpressplugins\/index.php\/wp-json\/wp\/v2\/users\/2"}],"replies":[{"embeddable":true,"href":"https:\/\/lozoi.szczecin.pl\/autoinstalator\/wordpressplugins\/index.php\/wp-json\/wp\/v2\/comments?post=1893"}],"version-history":[{"count":4,"href":"https:\/\/lozoi.szczecin.pl\/autoinstalator\/wordpressplugins\/index.php\/wp-json\/wp\/v2\/pages\/1893\/revisions"}],"predecessor-version":[{"id":1897,"href":"https:\/\/lozoi.szczecin.pl\/autoinstalator\/wordpressplugins\/index.php\/wp-json\/wp\/v2\/pages\/1893\/revisions\/1897"}],"wp:attachment":[{"href":"https:\/\/lozoi.szczecin.pl\/autoinstalator\/wordpressplugins\/index.php\/wp-json\/wp\/v2\/media?parent=1893"}],"wp:term":[{"taxonomy":"category","embeddable":true,"href":"https:\/\/lozoi.szczecin.pl\/autoinstalator\/wordpressplugins\/index.php\/wp-json\/wp\/v2\/categories?post=1893"},{"taxonomy":"post_tag","embeddable":true,"href":"https:\/\/lozoi.szczecin.pl\/autoinstalator\/wordpressplugins\/index.php\/wp-json\/wp\/v2\/tags?post=1893"}],"curies":[{"name":"wp","href":"https:\/\/api.w.org\/{rel}","templated":true}]}}