{"id":1402,"date":"2025-08-28T16:59:29","date_gmt":"2025-08-28T14:59:29","guid":{"rendered":"https:\/\/lozoi.szczecin.pl\/autoinstalator\/wordpressplugins\/?page_id=1402"},"modified":"2025-08-28T17:29:52","modified_gmt":"2025-08-28T15:29:52","slug":"rozpoczecie-roku-szkolnego-2025-2026","status":"publish","type":"page","link":"https:\/\/lozoi.szczecin.pl\/autoinstalator\/wordpressplugins\/index.php\/rozpoczecie-roku-szkolnego-2025-2026\/","title":{"rendered":"Rozpocz\u0119cie roku szkolnego 2025\/2026"},"content":{"rendered":"\t\t<div data-elementor-type=\"wp-page\" data-elementor-id=\"1402\" class=\"elementor elementor-1402\">\n\t\t\t\t<div class=\"elementor-element elementor-element-b83e1f9 e-flex e-con-boxed e-con e-parent\" data-id=\"b83e1f9\" data-element_type=\"container\" data-e-type=\"container\">\n\t\t\t\t\t<div class=\"e-con-inner\">\n\t\t\t\t<div class=\"elementor-element elementor-element-0254c54 elementor-widget elementor-widget-text-editor\" data-id=\"0254c54\" data-element_type=\"widget\" data-e-type=\"widget\" data-widget_type=\"text-editor.default\">\n\t\t\t\t\t\t\t\t\t<p style=\"text-align: center;\"><span style=\"color: #0000ff;\"><strong>Rozpocz\u0119cie roku szkolnego 2025\/2026<\/strong><\/span><\/p><p style=\"text-align: center;\">odb\u0119dzie si\u0119 1 wrze\u015bnia (poniedzia\u0142ek) wed\u0142ug poni\u017cszego harmonogramu:<\/p><p><strong>Klasy 2 &#8211; 4<\/strong> o godzinie <span style=\"color: #0000ff;\">9.00<\/span> &#8211; sale lekcyjne<\/p><p><strong>Klasy 1<\/strong> o godzinie <span style=\"color: #0000ff;\">10.00<\/span> &#8211; sala gimnastyczna<\/p>\t\t\t\t\t\t\t\t<\/div>\n\t\t\t\t\t<\/div>\n\t\t\t\t<\/div>\n\t\t\t\t<\/div>\n\t\t","protected":false},"excerpt":{"rendered":"<p>Rozpocz\u0119cie roku szkolnego 2025\/2026 odb\u0119dzie si\u0119 1 wrze\u015bnia (poniedzia\u0142ek) wed\u0142ug poni\u017cszego harmonogramu: Klasy 2 &#8211; 4 o godzinie 9.00 &#8211; sale lekcyjne Klasy 1 o godzinie 10.00 &#8211; sala gimnastyczna<\/p>\n","protected":false},"author":2,"featured_media":0,"parent":0,"menu_order":0,"comment_status":"closed","ping_status":"closed","template":"","meta":{"footnotes":""},"categories":[1],"tags":[],"class_list":["post-1402","page","type-page","status-publish","hentry","category-bez-kategorii"],"_links":{"self":[{"href":"https:\/\/lozoi.szczecin.pl\/autoinstalator\/wordpressplugins\/index.php\/wp-json\/wp\/v2\/pages\/1402","targetHints":{"allow":["GET"]}}],"collection":[{"href":"https:\/\/lozoi.szczecin.pl\/autoinstalator\/wordpressplugins\/index.php\/wp-json\/wp\/v2\/pages"}],"about":[{"href":"https:\/\/lozoi.szczecin.pl\/autoinstalator\/wordpressplugins\/index.php\/wp-json\/wp\/v2\/types\/page"}],"author":[{"embeddable":true,"href":"https:\/\/lozoi.szczecin.pl\/autoinstalator\/wordpressplugins\/index.php\/wp-json\/wp\/v2\/users\/2"}],"replies":[{"embeddable":true,"href":"https:\/\/lozoi.szczecin.pl\/autoinstalator\/wordpressplugins\/index.php\/wp-json\/wp\/v2\/comments?post=1402"}],"version-history":[{"count":10,"href":"https:\/\/lozoi.szczecin.pl\/autoinstalator\/wordpressplugins\/index.php\/wp-json\/wp\/v2\/pages\/1402\/revisions"}],"predecessor-version":[{"id":1432,"href":"https:\/\/lozoi.szczecin.pl\/autoinstalator\/wordpressplugins\/index.php\/wp-json\/wp\/v2\/pages\/1402\/revisions\/1432"}],"wp:attachment":[{"href":"https:\/\/lozoi.szczecin.pl\/autoinstalator\/wordpressplugins\/index.php\/wp-json\/wp\/v2\/media?parent=1402"}],"wp:term":[{"taxonomy":"category","embeddable":true,"href":"https:\/\/lozoi.szczecin.pl\/autoinstalator\/wordpressplugins\/index.php\/wp-json\/wp\/v2\/categories?post=1402"},{"taxonomy":"post_tag","embeddable":true,"href":"https:\/\/lozoi.szczecin.pl\/autoinstalator\/wordpressplugins\/index.php\/wp-json\/wp\/v2\/tags?post=1402"}],"curies":[{"name":"wp","href":"https:\/\/api.w.org\/{rel}","templated":true}]}}

Rozpoczęcie roku szkolnego 2025/2026

<div data-elementor-type="wp-page" data-elementor-id="1402" class="elementor elementor-1402">
				<div class="elementor-element elementor-element-b83e1f9 e-flex e-con-boxed e-con e-parent" data-id="b83e1f9" data-element_type="container" data-e-type="container">
					<div class="e-con-inner">
				<div class="elementor-element elementor-element-0254c54 elementor-widget elementor-widget-text-editor" data-id="0254c54" data-element_type="widget" data-e-type="widget" data-widget_type="text-editor.default">
									<p style="text-align: center;"><span style="color: #0000ff;"><strong>Rozpoczęcie roku szkolnego 2025/2026</strong></span></p><p style="text-align: center;">odbędzie się 1 września (poniedziałek) według poniższego harmonogramu:</p><p><strong>Klasy 2 &#8211; 4</strong> o godzinie <span style="color: #0000ff;">9.00</span> &#8211; sale lekcyjne</p><p><strong>Klasy 1</strong> o godzinie <span style="color: #0000ff;">10.00</span> &#8211; sala gimnastyczna</p>								</div>
					</div>
				</div>
				</div>

<p>Rozpoczęcie roku szkolnego 2025/2026 odbędzie się 1 września (poniedziałek) według poniższego harmonogramu: Klasy 2 &#8211; 4 o godzinie 9.00 &#8211; sale lekcyjne Klasy 1 o godzinie 10.00 &#8211; sala gimnastyczna</p>
